s -2211300122 (base 4) in base 12?
-288aa2
Convert 2d3f6a (base 16) to base 8.
13237552
What is -1100101000101110111 (base 2) in base 12?
-17b75b
1717e (base 16) to base 11
65081
Convert 11001210010 (base 3) to base 7.
452220
1341514 (base 7) to base 9
301481
85940b (base 13) to base 11
1850366
12042001 (base 5) to base 15
23351
What is 330a96 (base 12) in base 6?
25211110
Convert b379a6 (base 13) to base 4.
33332030332
Convert -43366 (base 9) to base 7.
-146526
What is -17348 (base 12) in base 9?
-50632
What is -636662 (base 8) in base 14?
-57598
What is 7545a3 (base 13) in base 8?
12376206
Convert 17331751 (base 8) to base 5.
2013400003
2c64434 (base 13) to base 7
232314554
Convert -15543253 (base 8) to base 11.
-2032088
What is -33300 (base 4) in base 16?
-3f0
What is -270416 (base 12) in base 9?
-1180530
-4d9ba2 (base 16) to base 4
-103121232202
Convert 81711 (base 12) to base 15.
34e77
207123 (base 8) to base 11
47aa2
What is -5202542 (base 6) in base 9?
-420178
Convert -31222323 (base 5) to base 6.
-5305410
-3cca41 (base 13) to base 6
-51453410
What is 232023210 (base 4) in base 15?
3b0a6
-10197c (base 13) to base 8
-1334512
Convert -121411301 (base 5) to base 11.
-363699
-2577a2 (base 11) to base 10
-405583
What is 5924aa8 (base 11) in base 15?
d949b8
What is -1112211102 (base 4) in base 3?
-200000110220
12343512 (base 7) to base 6
40001513
What is 200120100210 (base 3) in base 13?
ca48b
-435a3 (base 14) to base 11
-10152a
Convert 10001010010101100000 (base 2) to base 4.
2022111200
da36c (base 14) to base 10
527532
What is 334430 (base 10) in base 9?
558668
What is 419485 (base 11) in base 14?
136973
What is 4462733 (base 8) in base 16?
1265db
15239 (base 12) to base 15
8c09
Convert -338544 (base 14) to base 6.
-101313440
What is -30301523 (base 6) in base 12?
-3578a3
-40144313 (base 5) to base 10
-318708
Convert 379890 (base 10) to base 4.
1130233302
What is -235306 (base 7) in base 14?
-117ad
Convert 340ea (base 16) to base 7.
1545436
140519 (base 10) to base 11
96635
Convert -abece0 (base 15) to base 14.
-11368a5
Convert 2024154 (base 9) to base 10.
1079050
320505132 (base 6) to base 10
5638736
What is -65751112 (base 8) in base 2?
-110101111101001001001010
Convert 2023451 (base 6) to base 2.
10111100111010111
What is -4a942c (base 13) in base 11?
-1013897
-20022122021211 (base 3) to base 16
-333ffa
What is -10223233203 (base 4) in base 8?
-4535743
Convert -2226661 (base 7) to base 4.
-1003122031
What is -1333314 (base 5) in base 13?
-c598
Convert 3ab98 (base 13) to base 3.
12120101122
Convert -3001120 (base 9) to base 8.
-6053417
Convert -19339 (base 12) to base 8.
-107635
Convert 11111002201 (base 3) to base 2.
10101100011011010
Convert 1103412134 (base 5) to base 12.
97b290
Convert a50978a (base 11) to base 8.
106546635
-1001110110000001010 (base 2) to base 16
-4ec0a
What is 161cd8 (base 14) in base 9?
1408162
What is -254617 (base 10) in base 8?
-761231
-1bec0 (base 15) to base 14
-2529a
Convert 1d8d8c (base 14) to base 3.
1222221121000
-122003220 (base 4) to base 9
-172356
What is -11552557 (base 8) in base 11?
-1489113
-12315035 (base 6) to base 2
-1100001011001111111
-13312021131 (base 4) to base 15
-2a964c
Convert 232032300 (base 4) to base 3.
100121202100
-1171113 (base 8) to base 6
-10540443
-630668 (base 9) to base 3
-201000202022
Convert 3210220212 (base 5) to base 14.
c713c7
What is -606a2c (base 16) in base 3?
-102220000112120
Convert 4b213 (base 12) to base 14.
2939d
3216141 (base 7) to base 2
1011111011110111010
Convert -460566 (base 7) to base 3.
-11011101100
344133122 (base 5) to base 13
424719
-120222132030 (base 4) to base 12
-21b9690
What is -17276 (base 8) in base 7?
-31642
-678c3 (base 14) to base 15
-4e77d
Convert 372981 (base 12) to base 13.
255094
Convert -111110000101100 (base 2) to base 8.
-76054
-2210776 (base 9) to base 5
-301010202
Convert 100408 (base 9) to base 5.
3400011
Convert -11010011101110001 (base 2) to base 11.
-74497
What is -1200010020 (base 3) in base 4?
-20001330
-136458 (base 11) to base 2
-110100001000000011
Convert 6396d8 (base 14) to base 8.
14662476
Convert -13121223031 (base 4) to base 3.
-10122120102021
What is -15644334 (base 9) in base 11?
-4464239
What is -543a50 (base 14) in base 12?
-b5709a
What is -14206 (base 8) in base 11?
-4798
-713065 (base 9) to base 8
-1470406
What is 112122310313 (base 4) in base 9?
12046712
-ec6c8 (base 16) to base 14
-1b2cac
What is -4036640 (base 7) in base 16?
-753b3
-200001010020 (base 3) to base 4
-1112230212
-78135 (base 12) to base 2
-100110110110111001
Convert -308a901 (base 11) to base 7.
-64202111
Convert 111011100101111100 (base 2) to base 9.
411743
10101010110000111101 (base 2) to base 5
134340303
What is 636696 (base 11) in base 13?
298ab2
Convert 51051002 (base 8) to base 16.
a45202
What is -190ca95 (base 14) in base 2?
-101111010100100011101011
-195a69 (base 12) to base 3
-211122021100
-558a73 (base 11) to base 5
-211443043
10111001010010111 (base 2) to base 4
113022113
What is 1c0157 (base 13) in base 10?
714266
Convert -2502465 (base 7) to base 4.
-1032030012
Convert 1012330110 (base 4) to base 5.
33244310
Convert 1204614 (base 7) to base 5.
14343230
-101001111000101001000 (base 2) to base 10
-1372488
What is -1211211101102 (base 3) in base 10?
-980786
-38902 (base 12) to base 5
-4433310
What is -12222443 (base 6) in base 15?
-7b230
Convert 110110010011110101 (base 2) to base 8.
662365
136345a (base 11) to base 16
23d05e
What is -278503 (base 10) in base 12?
-115207
3749999 (base 12) to base 10
10799685
Convert -2112110011 (base 3) to base 6.
-1023004
Convert -120133201 (base 4) to base 2.
-11000011111100001
15192 (base 11) to base 9
32458
-7612b2 (base 13) to base 2
-1010100101000001101001
What is 252a1a (base 11) in base 13?
10c919
75d384 (base 14) to base 16
3cee88
-9707b (base 12) to base 9
-332645
What is -27545400 (base 8) in base 4?
-113230230000
Convert -4151068 (base 9) to base 13.
-5c898b
-1284c2c (base 14) to base 2
-100010000011001010111000
What is 1011101101010101001 (base 2) in base 9?
644245
What is -1973036 (base 12) in base 8?
-24403552
Convert 413212001 (base 5) to base 9.
3162527
What is 11433217 (base 8) in base 5?
1120114320
Convert bb266 (base 12) to base 4.
330122232
Convert -304a (base 13) to base 4.
-1213331
-1433113141 (base 5) to base 11
-2166867
What is -3503251 (base 7) in base 13?
-124576
What is -51166163 (base 7) in base 11?
-2456183
29517 (base 11) to base 3
2010110021
Convert -2c364 (base 13) to base 3.
-11021022220
Convert -516624 (base 10) to base 12.
-20ab80
Convert 2280609 (base 11) to base 2.
1111001100011011101111
Convert 16367063 (base 9) to base 8.
37202410
What is -1001111110101001101001 (base 2) in base 11?
-1527413
-10abc84 (base 13) to base 8
-23464442
Convert -548512 (base 9) to base 14.
-8761b
Convert -20a0d1 (base 15) to base 4.
-11323010320
What is -1522014554 (base 6) in base 16?
-123ebc6
-350751 (base 8) to base 7
-1004510
Convert ae135 (base 15) to base 16.
8732f
12121211002200 (base 3) to base 11
1761125
Convert 120020120 (base 3) to base 12.
6520
What is -11211111211110 (base 3) in base 11?
-14a503a
What is -15705 (base 9) in base 8?
-25032
What is -1033445 (base 8) in base 13?
-9898b
Convert 54abc (base 15) to base 9.
450056
Convert -23354676 (base 9) to base 10.
-11373684
Convert 10186422 (base 9) to base 13.
1026c65
-2022655 (base 7) to base 12
-b7654
Convert -14012343 (base 5) to base 15.
-2be4d
426664 (base 7) to base 11
50a12
What is 1859 (base 10) in base 15?
83e
What is 101111011100110101100011 (base 2) in base 6?
1122335231
Convert 1350266 (base 7) to base 12.
88365
-10112230202 (base 4) to base 9
-2128805
What is 1104761 (base 8) in base 14?
7a58d
What is 62fdc6 (base 16) in base 14?
c0c366
-188169 (base 11) to base 6
-10110023
Convert -3443302321 (base 5) to base 2.
-11101101110000101110001
What is 1300817 (base 9) in base 5?
140144002
What is -11101000100010001100 (base 2) in base 4?
-3220202030
-4377e (base 15) to base 10
-214319
Convert -c1a314 (base 14) to base 15.
-88be50
Convert -3120310322 (base 4) to base 16.
-d8d3a
What is -1022122101 (base 4) in base 3?
-120111002100
What is -1023301111 (base 4) in base 14?
-81165
What is 2031120310 (base 4) in base 2?
100